 j(p) = p**3 + 5*p**2 - p + 1. Let f be j(-5). Let u(a) be the first derivative of a**3/3 - 2*a**2 - 5*a - 471. What is u(f)?
7
Suppose 0 = -2*c, -3*a - 4*c + 0*c - 24 = 0. Let b(n) = n**3 + 8*n**2 - 5*n. Give b(a).
40
Suppose 192*d + 48 = 186*d. Let u(j) = -j. Give u(d).
8
Let s(v) = 4*v + 14. Suppose 238 = -12*c + 166. Calculate s(c).
-10
Let z(n) = -n + 2. Let f be z(6). Let t(k) = 13*k**2 - k + 1. Let c(j) = -3*j**2 - 5*j - 1 - 4*j**2 + 6*j. Let m(s) = 11*c(s) + 6*t(s). Give m(f).
-9
Suppose 0 = -2*m + 7 + 1. Suppose -m*u + 11 + 13 = 0. Suppose 5*p + x + 34 = 0, u*x - x + 26 = -p. Let q(t) = t. Calculate q(p).
-6
Suppose -6*r + 722 - 710 = 0. Let q(y) = y**3 - 3*y**2 + y - 2. Calculate q(r).
-4
Let m(c) = c**2 + 3*c + 5. Let j be m(-3). Let k(l) = -3 + 4 - j*l**2 - l - l**3 + 4*l**2. What is k(-2)?
7
Let o be -2*2*3/(-6). Let i(g) = -o*g + 7 + g + 11 - 7. Let m be i(6). Let b(j) = j**3 - 4*j**2 - 6*j - 1. Give b(m).
-6
Let a(s) be the first derivative of -1/3*s**3 + 4*s + 1/2*s**2 - 17. What is a(3)?
-2
Let a be (-3)/7 - 3/(-7). Let p(s) = 44 + 44 - 72 + 2*s - 3*s. Calculate p(a).
16
Let z(j) = j - 1. Let i(l) = -2*l**2 - 4*l + 7. Let m(s) = -i(s) - 6*z(s). Suppose 2*k = t - 1 - 11, 3*t - 28 = -2*k. Let h = 9 - t. What is m(h)?
3
Let s(z) = z**3 + 3*z**2 + z. Let j be s(-2). Let l(a) = -3*a - 2. Let d be l(-2). Let h(i) = 4*i + 2*i - d*i + 2*i**2. Give h(j).
12
Let m be (-53)/689 - (-76)/(-26). Let k(w) = -16*w + 2. Determine k(m).
50
Let h(p) be the second derivative of -p**5/20 + p**4/3 + p**3 - 13*p**2/2 - 3*p + 94. Give h(5).
-8
Let y(z) be the second derivative of z**3/6 - z**2 + 486*z. What is y(-4)?
-6
Let v(s) = -s + 2. Let r be v(-1). Let i(z) = -6*z + 5. Let y(w) = 30*w - 24. Let h(c) = -14*i(c) - 3*y(c). What is h(r)?
-16
Let y(u) be the first derivative of 2*u**3/3 + 3*u**2/2 - 1. Suppose 15 = -5*f + b + 4*b, 4*f + 11 = 3*b. Let p be y(f). Let k(n) = 2*n**2 - 3*n. Give k(p).
2
Let t(g) = -14*g - 2. Suppose 4*a = 2*j - 5 - 1, -5*a = 3*j + 2. Determine t(a).
12
Let p(h) = -26 + 31 - 12*h + 10*h + 26. Determine p(15).
1
Let q(a) = 3*a + 2. Let y be q(2). Suppose u - 3*u - 2*b = 8, -b - y = 5*u. Let o(w) = -w - 4. Let f(z) = -z. Let d(k) = u*o(k) - 2*f(k). Determine d(-3).
-5
Suppose 10 = -14*s + 9*s. Let o(k) = -2*k - 7. Let w(i) = -i - 1. Let d(z) = s*o(z) + 6*w(z). Calculate d(6).
-4
Let y(n) = n**3 - 2*n**2 - 4*n. Let w(m) = -m**2 + m - 3. Let f be w(3). Let j be (-30)/f + (-2)/6. Calculate y(j).
-3
Let o(i) = 7*i**2 - 9*i + 21. Let b(d) = -10*d**2 + 14*d - 33. Let t(a) = 5*b(a) + 8*o(a). Give t(2).
23
Let w(r) be the first derivative of -r**3/3 + 9*r**2/2 - 8*r - 127. Let o(b) = -9 + 0*b**2 + 16 - 7*b**2 + b**3. Let y be o(7). Give w(y).
6
Let c(x) = 1. Let j(u) = 2*u - 1. Let f(y) = 3*c(y) - j(y). Give f(5).
-6
Let k = -11 + 15. Suppose p + 8 = 2*p - g, -p + 5*g + k = 0. Suppose 2*q = -z + p, -q + 8 = -0*q + 4*z. Let b(r) = -r**2 + 2*r + 3. What is b(q)?
-5
Let n(p) = 2*p + p**2 + 3*p + 2081 - 2063. Let j(m) = m. Let k(t) = -6*j(t) + n(t). What is k(0)?
18
Suppose -a = 4*t + 12, -2*a + 1 + 11 = -4*t. Let r(u) = -u**2 - 2*u + 4. Give r(t).
1
Let o(c) = 32 + 12*c - 3*c - c + 7*c - 17*c. Determine o(10).
12
Suppose 37*z - 2*o + 10 = 38*z, 2*z - 2*o = 32. Let a(m) = -3*m + 50. Give a(z).
8
Let c = 726 - 734. Let x(m) = m**3 + 9*m**2 + 10*m - 8. Determine x(c).
-24
Let z(t) = 2*t**2 - 13. Let n be z(4). Let y(p) = 2*p - 41. Give y(n).
-3
Let b(d) = d**3 - 21*d**2 - 9*d + 6. Let n be b(21). Let z = n - -187. Let g(v) be the first derivative of -v**3/3 + v**2 + 2*v + 1. Calculate g(z).
-6
Let h(g) = 2*g**2 - 52*g - 48*g - 4 + g**3 + 97*g. Determine h(-3).
-4
Let r(m) be the second derivative of m**4/12 + 7*m**3/3 + 5*m**2 - 245*m. Give r(-13).
-3
Let w(b) be the first derivative of 1/6*b**3 - 5 - 2*b**2 + 3*b. Let t(a) be the first derivative of w(a). Calculate t(-3).
-7
Let i(t) = -t**2 - 4*t + 2. Let n be 18 + (-6)/3 + 1. Suppose -4*d + 36 = -4*o, -3*o = -4*d + 3*d + n. Determine i(o).
2
Let s(c) be the second derivative of -c**7/2520 - c**6/144 + c**5/20 - 5*c**4/12 + 6*c. Let w(t) be the third derivative of s(t). Determine w(-6).
0
Let h be (2/(-6) - -1)/(7/21). Let p(r) = -4 - 4*r**h - 5*r + r**2 + 4 - 2. What is p(-3)?
-14
Let d(o) = -7*o**3 - 2*o**2 + 1. Suppose -2*a + 106 = 108. What is d(a)?
6
Let i(y) = -y**3 + y**2 + 2. Let q(d) = 3*d**3 - 9*d**2 - 5*d - 10. Let p(m) = -5*i(m) - q(m). What is p(-2)?
-10
Let r(j) = -7*j + 2. Let o(a) = -a**3 + 4*a**2 - 2*a + 6. Let l be o(4). Determine r(l).
16
Let x(t) be the third derivative of -1/6*t**3 + 0*t**4 + 1/20*t**5 + t**2 + 0 + 0*t. Determine x(2).
11
Let m(w) = -w**3 + 4*w**2 - 1. Let b = -22 - -17. Let c(i) = i**3 - 5*i**2 + 1. Let p(l) = b*m(l) - 4*c(l). What is p(1)?
2
Let d(z) be the third derivative of -z**4/24 - 2*z**3/3 - 8*z**2. Let i(h) = h. Let l be i(-5). What is d(l)?
1
Suppose -1441 + 1441 = 4*z. Let w(l) = -l**2 - 4*l - 10. What is w(z)?
-10
Let a(w) = -w - 6. Let x(y) = -2*y - 6. Let d(g) = 3*a(g) - 2*x(g). What is d(4)?
-2
Let k(x) = x + 1. Let s be 3*6/27 + 584/(-12). Let i = s + 50. Determine k(i).
3
Suppose 5 = 3*h - 1. Suppose -3*r + 14 = -7*r - 3*w, h = -2*r + w. Let c(y) = 1. Let t(k) = 5*k - 4. Let z(i) = -6*c(i) - t(i). Give z(r).
8
Let x(t) be the second derivative of -t**5/20 - 3*t**4/4 - t**3 + 4*t**2 + 2*t - 66. What is x(-8)?
-8
Let t(u) be the first derivative of u**7/840 - u**6/120 - u**5/120 + u**4/6 - 31*u**3/3 + u**2/2 + 38. Let a(m) be the third derivative of t(m). Determine a(3).
1
Suppose -3*p - 2*h + 25 = -0*h, 4*h = 4*p. Let z(k) = 3 + 3 + k - p - 5. Calculate z(3).
-1
Let o(b) = -20*b + 85. Let t be o(4). Let q(f) = -17*f + 12. What is q(t)?
-73
Let j(x) = -x**3 - 8*x**2 + 2*x + 6. Let c(i) = i - 20. Let w be c(12). Calculate j(w).
-10
Let d(w) be the first derivative of 2*w**3/3 - w**2/2 - 2*w + 8. Let m = 343 + -346. What is d(m)?
19
Let z(t) = -t**3 + 7*t**2 - 3*t + 1. Let y(c) = -3*c**3 - 65*c**2 + 22*c + 6. Let a be y(-22). Determine z(a).
19
Let i(t) be the first derivative of -t**5/60 + 5*t**4/24 + 5*t**3/6 - 35*t**2/2 + 25. Let z(c) be the second derivative of i(c). Calculate z(6).
-1
Let i(o) = -3*o - 19. Let w = -39 - -30. Let b be i(w). Let k(v) = -2*v**3 - 9 + v + v**3 + 0 - 5*v + b*v**2. Give k(7).
12
Let s(g) = -2*g**2 - 3*g - 2. Let n(f) = -f**2 - 3*f - 2. Let v = -16 - -13. Let i(r) = v*n(r) + 2*s(r). Give i(-2).
-8
Let v(y) = 6*y**2 + 10*y + 2. Let j(i) = 7*i**2 + 13*i. Let z(s) = 3*s - 8 - 2*s + 7. Let x(f) = -j(f) + 2*z(f). Let g(t) = -6*v(t) - 5*x(t). What is g(-4)?
2
Suppose -44 + 6 = 5*d - 3. Let f(a) be the second derivative of -a**5/20 - 2*a**4/3 - 3*a**3/2 - 4*a**2 - a. Calculate f(d).
6
Let q(i) be the second derivative of 44*i + 2*i**3 + 2*i**2 + 0 - 1/12*i**4. Calculate q(12).
4
Let y(b) be the first derivative of 5*b**4/4 - 2*b**3/3 + b - 2. Let k be (16/24)/(2 - (-4)/(-3)). Determine y(k).
4
Suppose -2*d + 7 = 17, 4*q = -4*d + 72. Suppose -5*y + 5*h + q + 2 = 0, -2*y = 5*h + 4. Let p(a) = -y - a + 7 + 2*a - a**2 - 3. Determine p(2).
-1
Let i be (-93)/(-62) + (-13)/2 + -1. Let h(w) = 2*w**3 + 17*w**2 + w + 5. Let n(f) = f**3 + 9*f**2 + f + 3. Let j(m) = 3*h(m) - 5*n(m). Calculate j(i).
12
Let p(a) = 6*a - 177. Let y be p(29). Let j(h) = 4*h - 2. Determine j(y).
-14
Let w(r) = -r**2 + 6*r + 12. Let s(d) = d**2 - 6*d - 11. Let i(n) = 4*s(n) + 3*w(n). What is i(8)?
8
Let z(q) = 4*q. Let l(d) = -d**2 + 6*d + 4. Let p be l(6). Give z(p).
16
Let u(w) = -w**3 - 52*w**2 + 47*w - 324. Let d be u(-53). Let i(k) = k + 21. What is i(d)?
15
Let s(v) = -v - 1. Let b be (35/(-14))/((-1)/2). Suppose -b*r - 4*g = -r - 4, 4*r + g = 4. Determine s(r).
-2
Let i(o) = -7*o**2 - 6*o + 2. Let a(g) = g**2 + g. Let u(h) = 6*a(h) + i(h). Let q(m) = -3*m**2 + 6. Let l(z) = -6*q(z) + 17*u(z). Calculate l(2).
2
Let g(c) = -c**3 - 8*c**2 + 2*c + 9. Let x = -96 - -98. Suppose x*r - r + 3 = -5*b, r + 7 = -b. Determine g(r).
-7
Let k be 3/(-4)*-1*16/(-2). Let w(n) = -2 - 7 + 0*n - n. Let g(m) = m + 10. Let x(u) = -3*g(u) - 4*w(u). Calculate x(k).
0
Let x(c) = 2*c + 1. Let n(a) = a + 1. Let q(r) = -5*n(r) + 2*x(r). Give q(-9).
6
Let s(l) = -l + 16. Let a = 2258 - 2251. Determine s(a).
9
Let m(l) be the first derivative of -l**3/3 + 3*l**2